 17
Suppose 5*b + 39 = 749. Let l = b + -72. Let k = l - 14. List the prime factors of k.
2, 7
Let f(r) = 80*r**2 + 93*r - 15. Let z(l) = 27*l**2 + 31*l - 4. Let c(x) = 4*f(x) - 11*z(x). List the prime factors of c(4).
2, 7, 17
Suppose -16*u - 42 = -19*u. Suppose -o + 1261 = 2*d, 2*d + u*o - 1255 = 15*o. List the prime factors of d.
17, 37
Let k(p) = -p**2 - 47*p + 46. Let a be 10/4 - 8/32*146. What are the prime factors of k(a)?
2, 61
What are the prime factors of (1/2*5442)/(201/2278)?
2, 17, 907
Suppose -g - 11 = -1. Let q = g + 10. Suppose 0 = -4*n - q*n + 4*r + 108, 0 = -5*r - 10. What are the prime factors of n?
5
Let o = 206 + -204. What are the prime factors of (o - (-1 + 4)/3) + 40?
41
Let y(l) = -6*l**2 + 7*l - 30. Let g be y(9). What are the prime factors of (g*1/2)/(36/(-72))?
3, 151
Let x(t) = 41*t**2 + 3*t + 1. Let k be x(-1). Let y = 119 - k. Suppose -j + 15 = -y. What are the prime factors of j?
5, 19
Suppose -5*m + 24*m - 28329 = 0. What are the prime factors of m?
3, 7, 71
Let v = -62525 - -116511. List the prime factors of v.
2, 26993
Let d(g) = -g - 17. Let z be d(-11). Let a be -2 + (-6)/18 + (-32)/z. Suppose -116 = -4*n + 2*j + 62, -3*n + a*j + 135 = 0. What are the prime factors of n?
2, 11
Suppose 4*z = 143 - 3. Suppose z = 3*n + 23. Suppose -n*b = -6*b + 162. What are the prime factors of b?
3
Let y = -262 - -270. Let t be 0*((-9)/3 - -2). Suppose -5*u - y*n + 1299 = -10*n, -2*u + 4*n + 510 = t. What are the prime factors of u?
3, 29
Let a = -227 + 228. List the prime factors of (1/a)/(8 - (-87270)/(-10910)).
1091
Let p = 360 + -358. Suppose -z - 1123 = -p*s, 6*s - 3*s - 1707 = -3*z. List the prime factors of s.
2, 3, 47
Let c(i) = 1767*i**2 - 111*i - 219. List the prime factors of c(-2).
3, 2357
Suppose -2*v + u = -5501, -3*v + 8224 = 35*u - 31*u. List the prime factors of v.
2, 3, 229
Let k(r) = 13*r**2 + 6*r - 4. Let u(n) = -2*n**2 + 13*n + 8. Let s be u(7). Let t be k(s). Suppose 14*h - t*h + 86 = 0. List the prime factors of h.
2, 43
Suppose -41*f - 943788 = -96*f + 43*f. List the prime factors of f.
78649
Let g(m) be the third derivative of -5*m**6/6 + 5*m**4/24 + 2*m**3/3 - 34*m**2. Let q be g(-1). Let d = 191 - q. List the prime factors of d.
2, 23
Suppose -25*q + 2*k = -20*q - 5531, 5*k + 1120 = q. List the prime factors of q.
5, 13, 17
Let s(b) = 5*b - 79. Let q(h) = 9*h - 158. Let a(x) = -3*q(x) + 5*s(x). Let m(c) = -29*c**2 + 146*c - 5. Let j be m(5). What are the prime factors of a(j)?
79
Let o be (-1)/(-4) - ((-82)/(-8) + 2). Let m be (-2)/o - ((-19754)/(-12))/7. Let w = m + 384. List the prime factors of w.
149
What are the prime factors of (396/(-154))/(-3) + ((-1612944)/(-28) - 0)?
2, 3, 9601
Suppose 7*x - 2*x = 3*q - 41, -x + 4*q - 15 = 0. List the prime factors of 493 - (-56)/(x/(-1)).
3, 167
Let j be -2 + 4 + -4 + 4. Suppose 5*n + 7 - 2 = -j*h, 4*h - 8 = -4*n. Suppose -h*l + 25 = -350. What are the prime factors of l?
3, 5
Let q(k) be the third derivative of -11*k**6/120 + k**5/12 + k**4/12 - k**3 - 26*k**2. Let m be q(3). Let v = -79 - m. List the prime factors of v.
173
Suppose 6053 = -16*n + 21845. What are the prime factors of n?
3, 7, 47
Let m(t) = t**2 - 16*t - 129. Let b be m(22). What are the prime factors of ((1340/8)/(-5) + b)*-14?
7, 61
Let j(h) = 2*h + 11*h - 2*h + 9. Let t be j(-4). What are the prime factors of (-3035)/t + 6/21?
3, 29
Suppose -30 = 4*k + 2*a - 174, 2*k = 2*a + 78. Let l = 80 - k. Suppose -l - 15 = -v. What are the prime factors of v?
2, 29
Suppose -4*j + 2*x - 4*x = -8, -3*j + x + 6 = 0. Let f be (0 - j)*(1 - (-2 - -5)). Suppose -2*r = -5*b - r + 32, 0 = -f*b + r + 26. List the prime factors of b.
2, 3
Let f(l) = -232*l - 27. Let s(y) = -116*y - 13. Let c(p) = 6*f(p) - 13*s(p). Let r be c(4). Suppose -3*g - 3 = -r. List the prime factors of g.
2, 3, 13
Let d(v) = -2*v**3 - 4*v**2 - 9*v + 3. Suppose 3*c = 4*w + w - 88, 0 = 3*c - 12. Suppose -22*q = -27*q - w. List the prime factors of d(q).
103
Suppose -10*n + 126830 = -6*n + 6*n. List the prime factors of n.
11, 1153
Let n(s) = 5*s**2 - s. Let w(q) = -q**3 - 5*q**2 + 12*q + 27. Let x(r) = -n(r) + w(r). Let m be (3/(-2))/(2/16). What are the prime factors of x(m)?
3, 53
Let d = -19 + 19. Suppose d = a + 5*o - 87, 3*o + 2*o - 164 = -2*a. What are the prime factors of 0 - a*(-1 + 0)?
7, 11
Let y be (-4)/(24/9) + 351/18. Suppose 7*o + y*o = 32200. What are the prime factors of o?
2, 7, 23
Let m be (48/10)/((-4)/70*-7). Let i be (628/(-6))/(m/9 - 2). What are the prime factors of i - ((-3)/2 - (-1)/(-2))?
3, 53
List the prime factors of 1069878/24 + (-6)/(-8).
44579
Suppose 51*h = 46*h + 1790. Let b = 609 - h. List the prime factors of b.
251
Suppose -12859 + 15072 + 55191 = 2*s. List the prime factors of s.
2, 113, 127
Suppose -600 = -8*n - 352. Let j(c) = 12*c + 23. What are the prime factors of j(n)?
5, 79
Let f(r) = -3220*r - 7505. List the prime factors of f(-10).
5, 11, 449
Let m be 4/6 + (-4)/6. Suppose -r = -m*r - 2. Suppose r*v = 105 + 61. What are the prime factors of v?
83
Let s = -436 - 102. Let w = s - -864. List the prime factors of w.
2, 163
Let i = 117 + -13. Let z = 3292 - 3294. Let t = i - z. List the prime factors of t.
2, 53
List the prime factors of (1526 + 58)/(3/62).
2, 3, 11, 31
Let j(q) = q**2 + 34. Let g be j(0). Suppose -g*k + 35*k = 193. What are the prime factors of k?
193
Let q = 39 + -41. Let r be (-6 + q)*2/(-4). Let m(a) = 2*a**3 + 5*a**2 - 19*a + 9. List the prime factors of m(r).
3, 47
Let a = 197 + -187. Suppose 3*p + 4*w = -176, -63 = -p + 2*p - 3*w. List the prime factors of a/4*p/(-5).
2, 3, 5
Let o(s) = 2*s + 1. Let x(l) = 31*l - 233. Let m(k) = o(k) - x(k). List the prime factors of m(-28).
2, 523
Let g = 23941 - 12882. What are the prime factors of g?
11059
List the prime factors of (227844/(63/(-7)))/(-2) + 5.
3, 7, 67
Let m = 10209 - 5367. What are the prime factors of (-3)/(-6) - m/(-36)?
3, 5
List the prime factors of (-3*(14540 - -3))/((-323)/646).
2, 3, 14543
Let q = 33220 - 21109. What are the prime factors of q?
3, 11, 367
Let q = 197 - 190. Suppose 336 = -7*g + 14. List the prime factors of (g/10)/(q/(-175)).
5, 23
Let g(b) = -1678*b - 6371. List the prime factors of g(-14).
3, 13, 439
Suppose -5*v - v = 0. Suppose 0 = -2*t - o + 5*o + 34, v = -3*t + 2*o + 71. Suppose -331 = -5*k + z, 2*z - t = -5*k + 301. List the prime factors of k.
2, 3, 11
Let p = 47220 + -1760. What are the prime factors of p?
2, 5, 2273
Suppose 0 = -9*z + 2671 + 29. Suppose -m = 2*m + z. What are the prime factors of 9/(3*(-2)/m)?
2, 3, 5
Let g(m) = -2*m**3 + 3*m**2 + 2*m + 20. Let v be 207/(-138) + (0 - (-26)/(-4)). What are the prime factors of g(v)?
2, 5, 61
Suppose -4*h = -h - 3, 0 = t + 5*h - 3409. Suppose 0 = -57*n + 11*n + t. What are the prime factors of n?
2, 37
Let w(s) = 7*s**2 + s + 5. Let i(c) = c - 2. Let r be i(2). Suppose 4 = -r*n - 2*n, 0 = -3*p + 3*n + 18. What are the prime factors of w(p)?
11
Let a = 14023 - -12536. List the prime factors of a.
3, 13, 227
Let q be 2/(-9) + (-5 - (-11643)/27). Let r = -160 + -51. Let p = q + r. List the prime factors of p.
5, 43
Let w = 1874 + -1870. Suppose -3*s - s = -1220. Suppose -w*p - 3*z + 709 = 0, -996 = -4*p + 3*z - s. List the prime factors of p.
5, 7
Suppose -3*l - 4557 = -5*g + 2*g, 3*g - 4557 = -4*l. Suppose g = 4*n + 3*n. What are the prime factors of n?
7, 31
List the prime factors of (-432)/96 + 78629/2.
2, 5, 3931
Let c(q) = 2*q**2 - 10*q + 4. Let h be c(4). What are the prime factors of (10050/h)/5*30/(-45)?
5, 67
Let z be 2*33/2*(-6)/(-9). Let w(u) = u - 21. Let o be w(z). What are the prime factors of (-496)/(-8) + 2/o?
2
Suppose 631 + 212 = -3*s. Let a = -143 - s. What are the prime factors of a?
2, 3, 23
Suppose -5*t + 60 = 2*n - 5*n, 3*n = 3*t - 60. Let m(g) = -13*g - 9749 + 4892 + 4898. List the prime factors of m(n).
7, 43
List the prime factors of 62/4 + -15 - (-6795)/6.
11, 103
Let p(q) = 29*q + 26. Let f be p(0). Suppose -33*n = -f*n - 343. List the prime factors of n.
7
Suppose 162 = 6*j + 126. Suppose -c - 1413 = -5*b, 9 = -5*c - j. List the prime factors of b.
2, 3, 47
Suppose 44*f = 12*f + 68352. What are the prime factors of f?
2, 3, 89
Let q(f) = -22*f + 66. Let m be q(3). Suppose m = 14*k + 3*k - 11543. List t